units digit of 1248?
8
What is the units digit of 3010?
0
What is the hundreds digit of 997?
9
What is the units digit of 634?
4
What is the thousands digit of 6880?
6
What is the thousands digit of 6572?
6
What is the hundreds digit of 7098?
0
What is the units digit of 1844?
4
What is the hundreds digit of 742?
7
What is the hundreds digit of 2485?
4
What is the ten thousands digit of 10591?
1
What is the tens digit of 27186?
8
What is the thousands digit of 16306?
6
What is the thousands digit of 98010?
8
What is the hundreds digit of 521?
5
What is the thousands digit of 8328?
8
What is the tens digit of 38819?
1
What is the hundreds digit of 169?
1
What is the units digit of 280?
0
What is the units digit of 29?
9
What is the hundred thousands digit of 164544?
1
What is the hundreds digit of 42360?
3
What is the hundreds digit of 700?
7
What is the tens digit of 106074?
7
What is the units digit of 327?
7
What is the thousands digit of 6388?
6
What is the units digit of 1248?
8
What is the hundred thousands digit of 157275?
1
What is the thousands digit of 31644?
1
What is the units digit of 2528?
8
What is the ten thousands digit of 21094?
2
What is the units digit of 365?
5
What is the tens digit of 5354?
5
What is the units digit of 3643?
3
What is the units digit of 2897?
7
What is the thousands digit of 1948?
1
What is the tens digit of 90636?
3
What is the thousands digit of 2389?
2
What is the hundreds digit of 2246?
2
What is the units digit of 52424?
4
What is the tens digit of 8343?
4
What is the units digit of 996?
6
What is the hundreds digit of 1862?
8
What is the hundreds digit of 1654?
6
What is the thousands digit of 13309?
3
What is the hundreds digit of 1573?
5
What is the tens digit of 737?
3
What is the thousands digit of 2936?
2
What is the thousands digit of 1087?
1
What is the hundreds digit of 2125?
1
What is the units digit of 556?
6
What is the tens digit of 3946?
4
What is the tens digit of 1106?
0
What is the hundreds digit of 59024?
0
What is the tens digit of 43860?
6
What is the tens digit of 88335?
3
What is the units digit of 22536?
6
What is the thousands digit of 31803?
1
What is the tens digit of 508?
0
What is the units digit of 25503?
3
What is the units digit of 40806?
6
What is the hundreds digit of 225?
2
What is the ten thousands digit of 89266?
8
What is the hundreds digit of 5533?
5
What is the thousands digit of 89823?
9
What is the units digit of 3038?
8
What is the units digit of 1797?
7
What is the tens digit of 82994?
9
What is the hundreds digit of 318?
3
What is the units digit of 981?
1
What is the tens digit of 14029?
2
What is the units digit of 59712?
2
What is the units digit of 24616?
6
What is the hundreds digit of 22505?
5
What is the units digit of 34071?
1
What is the tens digit of 55?
5
What is the hundred thousands digit of 111755?
1
What is the thousands digit of 1551?
1
What is the thousands digit of 12560?
2
What is the thousands digit of 28129?
8
What is the units digit of 2817?
7
What is the hundreds digit of 28846?
8
What is the hundreds digit of 6399?
3
What is the tens digit of 10268?
6
What is the units digit of 2812?
2
What is the hundreds digit of 3466?
4
What is the hundreds digit of 13796?
7
What is the thousands digit of 9568?
9
What is the tens digit of 1669?
6
What is the tens digit of 1365?
6
What is the tens digit of 48071?
7
What is the thousands digit of 1692?
1
What is the tens digit of 189?
8
What is the tens digit of 4878?
7
What is the units digit of 1601?
1
What is the thousands digit of 2134?
2
What is the ten thousands digit of 54289?
5
What is the tens digit of 1086?
8
What is the hundreds digit of 19546?
5
What is the ten thousands digit of 46338?
4
What is the thousands digit of 7463?
7
What is the hundreds digit of 23888?
8
What is the tens digit of 894?
9
What is the thousands digit of 2215?
2
What is the hundreds digit of 2584?
5
What is the thousands digit of 1408?
1
What is the tens digit of 7736?
3
What is the hundreds digit of 4110?
1
What is the units digit of 5748?
8
What is the thousands digit of 7427?
7
What is the tens digit of 21640?
4
What is the units digit of 1205?
5
What is the units digit of 4867?
7
What is the tens digit of 15201?
0
What is the hundred thousands digit of 124945?
1
What is the tens digit of 18032?
3
What is the units digit of 410?
0
What is the ten thousands digit of 13501?
1
What is the hundreds digit of 9326?
3
What is the hundreds digit of 61685?
6
What is the units digit of 185?
5
What is the units digit of 442?
2
What is the tens digit of 1522?
2
What is the thousands digit of 1535?
1
What is the thousands digit of 60383?
0
What is the hundreds digit of 3824?
8
What is the hundreds digit of 10472?
4
What is the units digit of 33837?
7
What is the hundreds digit of 1017?
0
What is the tens digit of 42777?
7
What is the thousands digit of 3634?
3
What is the tens digit of 4515?
1
What is the thousands digit of 45392?
5
What is the tens digit of 95603?
0
What is the hundreds digit of 21455?
4
What is the tens digit of 2289?
8
What is the hundreds digit of 13686?
6
What is the thousands digit of 52780?
2
What is the tens digit of 2692?
9
What is the tens digit of 2036?
3
What is the units digit of 4990?
0
What is the tens digit of 11384?
8
What is the hundreds digit of 75979?
9
What is the units digit of 33223?
3
What is the units digit of 3111?
1
What is the units digit of 378?
8
What is the hundreds digit of 392?
3
What is the tens digit of 326?
2
What is the tens digit of 325?
2
What is the hundreds digit of 499?
4
What is the ten thousands digit of 56470?
5
What is the units digit of 628?
8
What is the tens digit of 10481?
8
What is the units digit of 2580?
0
What is the tens digit of 1675?
7
What is the hundreds digit of 7006?
0
What is the units digit of 17820?
0
What is the units digit of 4?
4
What is the units digit of 52916?
6
What is the hundreds digit of 264?
2
What is the thousands digit of 112292?
2
What is the hundreds digit of 2495?
4
What is the ten thousands digit of 45303?
4
What is the ten thousands digit of 21533?
2
What is the units digit of 44?
4
What is the tens digit of 1045?
4
What is the tens digit of 5201?
0
What is the units digit of 141511?
1
What is the ten thousands digit of 61793?
6
What is the tens digit of 2321?
2
What is the hundreds digit of 258?
2
What is the hundreds digit of 222?
2
What is the units digit of 21964?
4
What is the units digit of 1884?
4
What is the ten thousands digit of 84252?
8
What is the hundreds digit of 7965?
9
What is the units digit of 9070?
0
What is the tens digit of 1363?
6
What is the ten thousands digit of 12608?
1
What is the units digit of 29449?
9
What is the tens digit of 3328?
2
What is the tens digit of 14452?
5
What is the thousands digit of 19748?
9
What is the tens digit of 32742?
4
What is the units digit of 53684?
4
What is the units digit of 18798?
8
What is the hundreds digit of 31948?
9
What is the tens digit of 592?
9
What is the hundreds digit of 3067?
0
What is the tens digit of 1475?
7
What is the thousands digit of 1221?
1
What is the thousands digit of 8321?
8
What is the hundreds digit of 497?
4
What is the tens digit of 3625?
2
What is the hundreds digit of 798?
7
What is the hundreds digit of 5004?
0
What is the hundreds digit of 11450?
4
What is the hundreds digit of 1073?
0
What is the tens digit of 1578?
7
What is the thousands digit of 50445?
0
What is the tens digit of 44744?
4
What is the tens digit of 16188?
8
What is the thousands digit of 1698?
1
What is the units digit of 1126?
6
What is the thousands digit of 2210?
2
What is the units digit of 16537?
7
What is the units digit of 337?
7
What is the thousands digit of 2312?
2
What is the units digit of 47694?
4
What is the hundreds digit of 1622?
6
What is the tens digit of 59336?
3
What is the units digit of 242?
2
What is the hundreds digit of 9540?
5
What is the units digit of 5082?
2
What is the tens digit of 3434?
3
What is the hundreds digit of 999?
9
What is the hundreds digit of 459?
4
What is the ten thousands digit of 41016?
4
What is the units digit of 1176?
6
What is the hundreds digit of 4025?
0
What is the tens digit of 1108?
0
What is the units 